er when 4843 is divided by 1209.
7
What is the remainder when 34105 is divided by 1624?
1
What is the remainder when 17924 is divided by 332?
328
What is the remainder when 337180 is divided by 244?
216
Calculate the remainder when 9411 is divided by 19.
6
Calculate the remainder when 190161 is divided by 17.
16
Calculate the remainder when 11372 is divided by 134.
116
Calculate the remainder when 152606 is divided by 3.
2
What is the remainder when 9685 is divided by 4821?
43
Calculate the remainder when 375158 is divided by 332.
330
What is the remainder when 12358 is divided by 326?
296
Calculate the remainder when 350557 is divided by 99.
97
What is the remainder when 1499903 is divided by 217?
216
What is the remainder when 3499 is divided by 973?
580
Calculate the remainder when 909 is divided by 11.
7
Calculate the remainder when 44228 is divided by 8.
4
What is the remainder when 315501 is divided by 313?
310
Calculate the remainder when 665 is divided by 201.
62
Calculate the remainder when 478387 is divided by 125.
12
What is the remainder when 31195 is divided by 400?
395
Calculate the remainder when 1794 is divided by 472.
378
What is the remainder when 28707 is divided by 174?
171
Calculate the remainder when 53225 is divided by 53216.
9
Calculate the remainder when 22057 is divided by 538.
537
Calculate the remainder when 175212 is divided by 233.
229
Calculate the remainder when 1407734 is divided by 748.
746
Calculate the remainder when 124113 is divided by 458.
453
Calculate the remainder when 1925 is divided by 628.
41
Calculate the remainder when 59121 is divided by 14702.
313
Calculate the remainder when 40554 is divided by 8107.
19
Calculate the remainder when 1003 is divided by 31.
11
What is the remainder when 1755 is divided by 268?
147
What is the remainder when 9700 is divided by 619?
415
What is the remainder when 44612 is divided by 429?
425
Calculate the remainder when 14269000 is divided by 17.
16
What is the remainder when 8378 is divided by 142?
0
What is the remainder when 1770 is divided by 125?
20
Calculate the remainder when 2844 is divided by 123.
15
Calculate the remainder when 10544 is divided by 8.
0
What is the remainder when 7432 is divided by 3103?
1226
Calculate the remainder when 118564 is divided by 30.
4
Calculate the remainder when 718940 is divided by 48.
44
Calculate the remainder when 3056 is divided by 2868.
188
What is the remainder when 22514 is divided by 22487?
27
What is the remainder when 24190 is divided by 168?
166
Calculate the remainder when 5124 is divided by 65.
54
What is the remainder when 2156820 is divided by 34?
30
What is the remainder when 1567 is divided by 258?
19
Calculate the remainder when 4397 is divided by 54.
23
What is the remainder when 510893 is divided by 170289?
26
What is the remainder when 6523 is divided by 6508?
15
Calculate the remainder when 49714 is divided by 565.
559
Calculate the remainder when 13259 is divided by 891.
785
Calculate the remainder when 4633 is divided by 175.
83
Calculate the remainder when 198760 is divided by 631.
626
What is the remainder when 163102 is divided by 16308?
22
What is the remainder when 775738 is divided by 121?
7
What is the remainder when 305 is divided by 95?
20
Calculate the remainder when 98 is divided by 42.
14
Calculate the remainder when 30904 is divided by 51.
49
Calculate the remainder when 8984 is divided by 8832.
152
Calculate the remainder when 63363 is divided by 2113.
2086
What is the remainder when 66391 is divided by 66384?
7
Calculate the remainder when 5097 is divided by 486.
237
Calculate the remainder when 497029 is divided by 230.
229
What is the remainder when 2875 is divided by 743?
646
What is the remainder when 200854 is divided by 40165?
29
Calculate the remainder when 12878 is divided by 893.
376
Calculate the remainder when 18130 is divided by 155.
150
What is the remainder when 215792 is divided by 29?
3
What is the remainder when 96489 is divided by 204?
201
Calculate the remainder when 1858218 is divided by 27.
24
Calculate the remainder when 56901 is divided by 24.
21
What is the remainder when 159172 is divided by 239?
237
Calculate the remainder when 118488 is divided by 4936.
24
Calculate the remainder when 4042 is divided by 961.
198
What is the remainder when 26057 is divided by 3288?
3041
What is the remainder when 5765 is divided by 117?
32
What is the remainder when 69103 is divided by 93?
4
What is the remainder when 3474379 is divided by 1660?
1659
What is the remainder when 249937 is divided by 22720?
17
What is the remainder when 6714 is divided by 3319?
76
Calculate the remainder when 1269146 is divided by 49.
46
Calculate the remainder when 57011 is divided by 18.
5
What is the remainder when 9796 is divided by 71?
69
Calculate the remainder when 180747 is divided by 113.
60
Calculate the remainder when 1135 is divided by 910.
225
What is the remainder when 8893 is divided by 330?
313
Calculate the remainder when 2902 is divided by 1279.
344
Calculate the remainder when 480621 is divided by 204.
201
What is the remainder when 2115 is divided by 13?
9
Calculate the remainder when 1649 is divided by 290.
199
Calculate the remainder when 280439 is divided by 82.
81
Calculate the remainder when 253075 is divided by 703.
698
Calculate the remainder when 1053 is divided by 483.
87
What is the remainder when 54879 is divided by 18293?
0
What is the remainder when 3855 is divided by 293?
46
Calculate the remainder when 62241 is divided by 342.
339
What is the remainder when 66016 is divided by 22003?
7
Calculate the remainder when 198079 is divided by 14145.
49
Calculate the remainder when 327559 is divided by 39.
37
Calculate the remainder when 303071 is divided by 22.
21
Calculate the remainder when 96544 is divided by 131.
128
Calculate the remainder when 2937 is divided by 5.
2
What is the remainder when 19697 is divided by 4921?
13
Calculate the remainder when 5557 is divided by 621.
589
Calculate the remainder when 20974 is divided by 389.
357
What is the remainder when 8891 is divided by 819?
701
What is the remainder when 1297 is divided by 47?
28
What is the remainder when 3653 is divided by 973?
734
What is the remainder when 20377 is divided by 6?
1
What is the remainder when 647 is divided by 612?
35
Calculate the remainder when 10979 is divided by 7.
3
Calculate the remainder when 2943 is divided by 62.
29
Calculate the remainder when 21266 is divided by 21178.
88
Calculate the remainder when 745190 is divided by 740.
10
What is the remainder when 1087070 is divided by 369?
365
Calculate the remainder when 6718 is divided by 35.
33
Calculate the remainder when 1486 is divided by 719.
48
What is the remainder when 52774 is divided by 593?
590
Calculate the remainder when 10473 is divided by 63.
15
Calculate the remainder when 7030 is divided by 593.
507
What is the remainder when 14414 is divided by 1200?
14
What is the remainder when 74163 is divided by 263?
260
Calculate the remainder when 9471 is divided by 589.
47
What is the remainder when 92141 is divided by 677?
69
What is the remainder when 51063 is divided by 231?
12
Calculate the remainder when 47361 is divided by 988.
925
What is the remainder when 75992 is divided by 184?
0
Calculate the remainder when 399 is divided by 390.
9
Calculate the remainder when 16231 is divided by 1480.
1431
What is the remainder when 2239 is divided by 726?
61
Calculate the remainder when 1820 is divided by 530.
230
What is the remainder when 5613 is divided by 1639?
696
Calculate the remainder when 8157 is divided by 136.
133
What is the remainder when 994 is divided by 277?
163
What is the remainder when 9137 is divided by 9?
2
What is the remainder when 22459 is divided by 490?
409
Calculate the remainder when 1185 is divided by 222.
75
What is the remainder when 309236 is divided by 154618?
0
What is the remainder when 307473 is divided by 19?
15
Calculate the remainder when 295884 is divided by 14.
8
Calculate the remainder when 20773 is divided by 671.
643
Calculate the remainder when 158 is divided by 51.
5
What is the remainder when 9629 is divided by 153?
143
What is the remainder when 6966 is divided by 6643?
323
